{"id":237138,"date":"2024-07-21T11:28:13","date_gmt":"2024-07-21T10:28:13","guid":{"rendered":"https:\/\/blackcamp.it\/it_imprint\/"},"modified":"2026-08-28T14:21:18","modified_gmt":"2026-08-28T13:21:18","slug":"nota-legale","status":"publish","type":"page","link":"https:\/\/blackcamp.it\/it\/nota-legale\/","title":{"rendered":"IT_Imprint"},"content":{"rendered":"<div class=\"et_pb_section_0 et_pb_section et_section_regular et_block_section preset--module--divi-section--default\">\n<div class=\"et_pb_row_0 et_pb_row et_flex_row preset--module--divi-row--default\">\n<div class=\"et_pb_column_0 et_pb_column et-last-child et_block_column et_pb_css_mix_blend_mode_passthrough et_flex_column_24_24 et_flex_column_24_24_tablet et_flex_column_24_24_phone\">\n<div class=\"et_pb_text_0 et_pb_text et_pb_bg_layout_light et_pb_module et_flex_module preset--module--divi-text--vztyr6qu87\"><div class=\"et_pb_text_inner\"><h1>Nota legale<\/h1>\n<\/div><\/div>\n<\/div>\n<\/div>\n\n<div class=\"et_pb_row_1 et_pb_row et_flex_row preset--module--divi-row--default\">\n<div class=\"et_pb_column_1 et_pb_column et-last-child et_block_column et_pb_css_mix_blend_mode_passthrough et_flex_column_24_24 et_flex_column_24_24_tablet et_flex_column_24_24_phone\">\n<div class=\"et_pb_text_1 et_pb_text et_pb_bg_layout_light et_pb_module et_flex_module preset--module--divi-text--default\"><div class=\"et_pb_text_inner\"><h2>Fornitore del servizio<\/h2>\n<p>Schwarz Srl<br \/>Via Bolzano 51<br \/>39057 Frangarto\/Appiano<br \/>Alto Adige (BZ)<br \/>Italia<\/p>\n<p>Telefono: +39 0471 633133<br \/>E-mail: info@schwarz.it<br \/>Mail PEC: info@pec.schwarz.it<br \/>Sito web: <a href=\"http:\/\/www.schwarz.it\">www.schwarz.it<\/a><\/p>\n<h3>Registro delle imprese e Partita IVA<br \/><\/h3>\n<p>Numero di iscrizione al registro delle imprese \/ partita IVA: IT02299140216<br \/>Tribunale del registro: Camera di Commercio di Bolzano<\/p>\n<h3>Note legali<br \/><\/h3>\n<p>Rappresentante legale: Andreas Schwarz<br \/>Capitale sociale: 20.000 euro<\/p>\n<h3>Responsabile del contenuto ai sensi del \u00a7 55 Abs. 2 RStV <\/h3>\n<p>Andreas Schwarz<\/p>\n<h3>Risoluzione delle controversie<br \/><\/h3>\n<p>Piattaforma della Commissione UE per la risoluzione delle controversie online (piattaforma OS) per i consumatori: <a href=\"http:\/\/ec.europa.eu\/consumers\/odr\/\">http:\/\/ec.europa.eu\/consumers\/odr\/<\/a><\/p>\n<h3>Crediti fotografici<br \/><\/h3>\n<p>\u00a9 Schwarz Srl<\/p>\n<h2>Concezione, design e realizzazione<br \/><\/h2>\n<p>Impakt Marketing di Michael Notdurfter<br \/>E-mail: <a href=\"mailto:info@impakt-marketing.com\">info@impakt-marketing.com<\/a><br \/>Sito web: <a href=\"https:\/\/impakt-marketing.com\">https:\/\/impakt-marketing.com<\/a><\/p>\n<h2>Esclusione di responsabilit\u00e0<br \/><\/h2>\n<h3>Responsabilit\u00e0 per i contenuti<\/h3>\n<p>I contenuti del nostro sito web sono stati creati con la massima cura. Tuttavia, non possiamo accettare alcuna responsabilit\u00e0 per l'accuratezza, la completezza e l'attualit\u00e0 dei contenuti. Sono escluse richieste di responsabilit\u00e0 di qualsiasi tipo derivanti dall'uso delle informazioni fornite.  <\/p>\n<h3>Responsabilit\u00e0 per i link<\/h3>\n<p>Il nostro sito web contiene link a siti web esterni di terzi sul cui contenuto non abbiamo alcuna influenza. Il rispettivo fornitore o gestore delle pagine \u00e8 sempre responsabile del contenuto delle pagine collegate. <\/p>\n<h3>Diritto d'autore<\/h3>\n<p>I contenuti e le opere create da Impakt Marketing e dagli operatori del sito su queste pagine sono soggetti alla legge italiana sul copyright. La riproduzione, la modifica, la distribuzione e qualsiasi tipo di utilizzo al di fuori dei limiti della legge sul copyright richiedono il consenso scritto del rispettivo autore o creatore. L'uso di immagini e grafici di questo sito web non \u00e8 consentito senza il consenso dell'azienda.  <\/p>\n<\/div><\/div>\n<\/div>\n<\/div>\n<\/div>","protected":false},"excerpt":{"rendered":"","protected":false},"author":1,"featured_media":0,"parent":0,"menu_order":0,"comment_status":"closed","ping_status":"closed","template":"","meta":{"_seopress_titles_title":"Nota legale | BLACKCAMP Roulotte","_seopress_titles_desc":"Qui troverai informazioni legali sulla nostra azienda, come il proprietario e un disclaimer.","_seopress_robots_index":"","_seopress_robots_follow":"","_seopress_robots_imageindex":"","_seopress_robots_snippet":"","_seopress_robots_primary_cat":"","_seopress_robots_breadcrumbs":"","_seopress_robots_freeze_modified_date":"","_seopress_robots_custom_modified_date":"","_seopress_robots_canonical":"","_seopress_social_fb_title":"","_seopress_social_fb_desc":"","_seopress_social_fb_img":"","_seopress_social_fb_img_attachment_id":0,"_seopress_social_fb_img_width":0,"_seopress_social_fb_img_height":0,"_seopress_social_twitter_title":"","_seopress_social_twitter_desc":"","_seopress_social_twitter_img":"","_seopress_social_twitter_img_attachment_id":0,"_seopress_social_twitter_img_width":0,"_seopress_social_twitter_img_height":0,"_seopress_redirections_value":"","_seopress_redirections_enabled":"","_seopress_redirections_enabled_regex":"","_seopress_redirections_logged_status":"","_seopress_redirections_param":"","_seopress_redirections_type":0,"_seopress_analysis_target_kw":"nota-legale","footnotes":""},"class_list":["post-237138","page","type-page","status-publish","hentry"],"_links":{"self":[{"href":"https:\/\/blackcamp.it\/it\/wp-json\/wp\/v2\/pages\/237138","targetHints":{"allow":["GET"]}}],"collection":[{"href":"https:\/\/blackcamp.it\/it\/wp-json\/wp\/v2\/pages"}],"about":[{"href":"https:\/\/blackcamp.it\/it\/wp-json\/wp\/v2\/types\/page"}],"author":[{"embeddable":true,"href":"https:\/\/blackcamp.it\/it\/wp-json\/wp\/v2\/users\/1"}],"replies":[{"embeddable":true,"href":"https:\/\/blackcamp.it\/it\/wp-json\/wp\/v2\/comments?post=237138"}],"version-history":[{"count":39,"href":"https:\/\/blackcamp.it\/it\/wp-json\/wp\/v2\/pages\/237138\/revisions"}],"predecessor-version":[{"id":251861,"href":"https:\/\/blackcamp.it\/it\/wp-json\/wp\/v2\/pages\/237138\/revisions\/251861"}],"wp:attachment":[{"href":"https:\/\/blackcamp.it\/it\/wp-json\/wp\/v2\/media?parent=237138"}],"curies":[{"name":"wp","href":"https:\/\/api.w.org\/{rel}","templated":true}]}}

<div class="et_pb_section_0 et_pb_section et_section_regular et_block_section preset--module--divi-section--default">
<div class="et_pb_row_0 et_pb_row et_flex_row preset--module--divi-row--default">
<div class="et_pb_column_0 et_pb_column et-last-child et_block_column et_pb_css_mix_blend_mode_passthrough et_flex_column_24_24 et_flex_column_24_24_tablet et_flex_column_24_24_phone">
<div class="et_pb_text_0 et_pb_text et_pb_bg_layout_light et_pb_module et_flex_module preset--module--divi-text--vztyr6qu87"><div class="et_pb_text_inner"><h1>Nota legale</h1>
</div></div>
</div>
</div>

<div class="et_pb_row_1 et_pb_row et_flex_row preset--module--divi-row--default">
<div class="et_pb_column_1 et_pb_column et-last-child et_block_column et_pb_css_mix_blend_mode_passthrough et_flex_column_24_24 et_flex_column_24_24_tablet et_flex_column_24_24_phone">
<div class="et_pb_text_1 et_pb_text et_pb_bg_layout_light et_pb_module et_flex_module preset--module--divi-text--default"><div class="et_pb_text_inner"><h2>Fornitore del servizio</h2>
<p>Schwarz Srl<br />Via Bolzano 51<br />39057 Frangarto/Appiano<br />Alto Adige (BZ)<br />Italia</p>
<p>Telefono: +39 0471 633133<br />E-mail: info@schwarz.it<br />Mail PEC: info@pec.schwarz.it<br />Sito web: <a href="http://www.schwarz.it">www.schwarz.it</a></p>
<h3>Registro delle imprese e Partita IVA<br /></h3>
<p>Numero di iscrizione al registro delle imprese / partita IVA: IT02299140216<br />Tribunale del registro: Camera di Commercio di Bolzano</p>
<h3>Note legali<br /></h3>
<p>Rappresentante legale: Andreas Schwarz<br />Capitale sociale: 20.000 euro</p>
<h3>Responsabile del contenuto ai sensi del § 55 Abs. 2 RStV </h3>
<p>Andreas Schwarz</p>
<h3>Risoluzione delle controversie<br /></h3>
<p>Piattaforma della Commissione UE per la risoluzione delle controversie online (piattaforma OS) per i consumatori: <a href="http://ec.europa.eu/consumers/odr/">http://ec.europa.eu/consumers/odr/</a></p>
<h3>Crediti fotografici<br /></h3>
<p>© Schwarz Srl</p>
<h2>Concezione, design e realizzazione<br /></h2>
<p>Impakt Marketing di Michael Notdurfter<br />E-mail: <a href="mailto:info@impakt-marketing.com">info@impakt-marketing.com</a><br />Sito web: <a href="https://impakt-marketing.com">https://impakt-marketing.com</a></p>
<h2>Esclusione di responsabilità<br /></h2>
<h3>Responsabilità per i contenuti</h3>
<p>I contenuti del nostro sito web sono stati creati con la massima cura. Tuttavia, non possiamo accettare alcuna responsabilità per l'accuratezza, la completezza e l'attualità dei contenuti. Sono escluse richieste di responsabilità di qualsiasi tipo derivanti dall'uso delle informazioni fornite.  </p>
<h3>Responsabilità per i link</h3>
<p>Il nostro sito web contiene link a siti web esterni di terzi sul cui contenuto non abbiamo alcuna influenza. Il rispettivo fornitore o gestore delle pagine è sempre responsabile del contenuto delle pagine collegate. </p>
<h3>Diritto d'autore</h3>
<p>I contenuti e le opere create da Impakt Marketing e dagli operatori del sito su queste pagine sono soggetti alla legge italiana sul copyright. La riproduzione, la modifica, la distribuzione e qualsiasi tipo di utilizzo al di fuori dei limiti della legge sul copyright richiedono il consenso scritto del rispettivo autore o creatore. L'uso di immagini e grafici di questo sito web non è consentito senza il consenso dell'azienda.  </p>
</div></div>
</div>
</div>
</div>
